e factors of 737893201?
43, 17160307
List the prime factors of 223038213.
3, 74346071
List the prime factors of 2909700004.
2, 241, 599, 5039
What are the prime factors of 1971515250?
2, 3, 5, 876229
What are the prime factors of 126960966?
2, 3, 11, 23, 9293
What are the prime factors of 114024127?
7, 173, 13451
List the prime factors of 41998095.
3, 5, 103699
What are the prime factors of 625755540?
2, 3, 5, 1277, 8167
What are the prime factors of 232252204?
2, 58063051
What are the prime factors of 840403233?
3, 23, 4059919
List the prime factors of 29936458.
2, 14968229
List the prime factors of 274460876.
2, 3257, 21067
List the prime factors of 2337116571.
3, 28853291
List the prime factors of 1169783468.
2, 7, 1019, 5857
List the prime factors of 20881218.
2, 3, 29, 41, 2927
What are the prime factors of 1983487?
11, 180317
List the prime factors of 181150910.
2, 5, 18115091
List the prime factors of 308194792.
2, 47, 131, 6257
List the prime factors of 2961845606.
2, 61, 227, 106949
List the prime factors of 360180886.
2, 13, 1217, 11383
List the prime factors of 546985794.
2, 3, 19, 4798121
List the prime factors of 150818320.
2, 5, 281, 6709
What are the prime factors of 59889536?
2, 7, 66841
List the prime factors of 3802137.
3, 59, 21481
List the prime factors of 657777558.
2, 3, 109629593
List the prime factors of 487025741.
17, 28648573
What are the prime factors of 547166043?
3, 20265409
What are the prime factors of 23891987?
7, 17, 19, 10567
What are the prime factors of 569149596?
2, 3, 17, 929983
List the prime factors of 722799739.
12641, 57179
List the prime factors of 48877233.
3, 97, 101, 1663
What are the prime factors of 1308106175?
5, 52324247
What are the prime factors of 54620313?
3, 11, 491, 3371
List the prime factors of 25380425.
5, 7, 145031
List the prime factors of 222207527.
17, 19, 687949
List the prime factors of 2053014088.
2, 6073, 42257
What are the prime factors of 58899442?
2, 7, 31, 113, 1201
What are the prime factors of 5211308?
2, 1302827
What are the prime factors of 296146278?
2, 3, 16452571
What are the prime factors of 331891495?
5, 13, 23, 17077
What are the prime factors of 111270809?
13, 163, 52511
What are the prime factors of 39483152?
2, 29, 85093
List the prime factors of 2221311063.
3, 131, 971, 5821
What are the prime factors of 56144089?
953, 58913
List the prime factors of 1301070511.
13, 151, 662797
What are the prime factors of 181007158?
2, 90503579
List the prime factors of 50752277.
4159, 12203
List the prime factors of 72718054.
2, 19, 521, 3673
What are the prime factors of 2025492083?
4733, 427951
List the prime factors of 24742496.
2, 701, 1103
What are the prime factors of 46132017?
3, 15377339
What are the prime factors of 229728408?
2, 3, 7, 13, 293, 359
What are the prime factors of 262911162?
2, 3, 89, 193, 2551
List the prime factors of 40574211.
3, 61, 221717
List the prime factors of 130665005.
5, 4051, 6451
What are the prime factors of 288016857?
3, 79, 135029
What are the prime factors of 5770774395?
3, 5, 41, 1042597
List the prime factors of 82380709.
53, 127, 12239
List the prime factors of 234092827.
23, 1069, 9521
What are the prime factors of 1396482737?
13, 7027, 15287
List the prime factors of 514516941.
3, 19, 334319
List the prime factors of 50128304.
2, 3133019
List the prime factors of 101941519.
43, 2370733
List the prime factors of 8574887.
8574887
List the prime factors of 181992091.
167, 727, 1499
What are the prime factors of 283282704?
2, 3, 19, 34513
What are the prime factors of 103698414?
2, 3, 61, 31481
What are the prime factors of 230759546?
2, 115379773
List the prime factors of 919863742.
2, 7, 241, 337, 809
What are the prime factors of 1526863201?
37, 67, 615919
What are the prime factors of 1264357761?
3, 139, 3032033
List the prime factors of 4609639443.
3, 103, 14917927
What are the prime factors of 80691190?
2, 5, 8069119
What are the prime factors of 3009062982?
2, 3, 211, 2376827
What are the prime factors of 10123476?
2, 3, 11, 271, 283
List the prime factors of 616670817.
3, 7, 31, 30557
What are the prime factors of 527177650?
2, 5, 17, 431, 1439
List the prime factors of 12000869.
1571, 7639
What are the prime factors of 503555781?
3, 149, 1126523
What are the prime factors of 138257008?
2, 8641063
List the prime factors of 239542681.
7, 149, 163, 1409
What are the prime factors of 37595330?
2, 5, 17, 37, 43, 139
List the prime factors of 552936716.
2, 138234179
List the prime factors of 117620488.
2, 19, 467, 1657
List the prime factors of 129204665.
5, 25840933
What are the prime factors of 99218632?
2, 1483, 8363
List the prime factors of 463909555.
5, 92781911
What are the prime factors of 2880201828?
2, 3, 7, 34288117
List the prime factors of 102256607.
449, 227743
What are the prime factors of 72615869?
101, 659, 1091
What are the prime factors of 71343353?
53, 197, 6833
List the prime factors of 4665287665.
5, 103, 9058811
What are the prime factors of 156277206?
2, 3, 8682067
What are the prime factors of 21473718?
2, 3, 7, 511279
List the prime factors of 4413876619.
4413876619
What are the prime factors of 960875080?
2, 5, 11, 2183807
List the prime factors of 879322658.
2, 18973, 23173
What are the prime factors of 62276319?
3, 7, 19, 52027
List the prime factors of 1616302956.
2, 3, 601, 224113
What are the prime factors of 155952762?
2, 3, 7, 3713161
List the prime factors of 2760872304.
2, 3, 127, 353, 1283
What are the prime factors of 245713259?
11, 29, 770261
List the prime factors of 2121363950.
2, 5, 89, 293, 1627
List the prime factors of 520454148.
2, 3, 43371179
List the prime factors of 58500882.
2, 3, 11, 295459
List the prime factors of 134759115.
3, 5, 19, 277, 569
What are the prime factors of 199147861?
11, 79, 101, 2269
List the prime factors of 117123098.
2, 17, 73, 47189
List the prime factors of 305889164.
2, 7, 1560659
What are the prime factors of 2098511036?
2, 41, 12795799
What are the prime factors of 1581294860?
2, 5, 3637, 21739
What are the prime factors of 186171656?
2, 11, 71, 83, 359
List the prime factors of 446421785.
5, 17, 5252021
List the prime factors of 26035142.
2, 7, 1859653
What are the prime factors of 443925899?
19, 23364521
What are the prime factors of 2823686953?
2823686953
List the prime factors of 31261885.
5, 41, 73, 2089
List the prime factors of 2550943760.
2, 5, 31886797
List the prime factors of 1484737544.
2, 659, 281627
What are the prime factors of 534568846?
2, 7, 1459, 26171
List the prime factors of 40570217.
29, 1398973
List the prime factors of 34052953.
11, 3095723
What are the prime factors of 19846996?
2, 13, 381673
List the prime factors of 63254472.
2, 3, 41, 64283
What are the prime factors of 24125742?
2, 3, 446773
What are the prime factors of 37486683?
3, 13, 17, 47, 401
List the prime factors of 2595708577.
7, 11, 3064591
List the prime factors of 23158264.
2, 19, 251, 607
What are the prime factors of 109020153?
3, 11, 300331
What are the prime factors of 86097749?
47, 1831867
List the prime factors of 267278296.
2, 107, 312241
List the prime factors of 5673907364.
2, 109, 13013549
What are the prime factors of 33985332?
2, 3, 29, 3617
What are the prime factors of 1291339792?
2, 1279, 63103
List the prime factors of 256749.
3, 23, 61
What are the prime factors of 1144786189?
25349, 45161
What are the prime factors of 27398473?
193, 141961
List the prime factors of 6600679.
6600679
List the prime factors of 1482338919.
3, 17, 29065469
List the prime factors of 112534310.
2, 5, 7, 547, 2939
What are the prime factors of 155800447?
11, 1287607
What are the prime factors of 8560073?
8560073
List the prime factors of 7126078805.
5, 2393, 595577
List the prime factors of 4296108809.
67, 64121027
What are the prime factors of 52804142?
2, 17, 1553063
List the prime factors of 615626557.
7, 13, 6765127
List the prime factors of 42259961.
42259961
List the prime factors of 242062598.
2, 73, 1657963
What are the prime factors of 389300408?
2, 7, 17, 29, 59, 239
List the prime factors of 3043460488.
2, 380432561
List the prime factors of 2494888310.
2, 5, 47, 5308273
List the prime factors of 2949992018.
2, 37, 39864757
What are the prime factors 